644.
2, 2860411
List the prime factors of 30410572.
2, 7602643
List the prime factors of 921119.
157, 5867
List the prime factors of 2359595.
5, 7, 9631
List the prime factors of 979220.
2, 5, 11, 4451
What are the prime factors of 136688?
2, 8543
List the prime factors of 3555212.
2, 281, 3163
What are the prime factors of 5162?
2, 29, 89
List the prime factors of 195624.
2, 3, 11, 13, 19
What are the prime factors of 242820?
2, 3, 5, 19, 71
List the prime factors of 2938695.
3, 5, 195913
List the prime factors of 33370993.
33370993
What are the prime factors of 1284914?
2, 642457
What are the prime factors of 9265991?
7, 523, 2531
What are the prime factors of 514992?
2, 3, 10729
What are the prime factors of 4734837?
3, 173, 3041
List the prime factors of 259592.
2, 37, 877
List the prime factors of 124966.
2, 62483
What are the prime factors of 178994?
2, 31, 2887
List the prime factors of 673322.
2, 13, 19, 29, 47
List the prime factors of 2038045.
5, 17, 23977
List the prime factors of 185086.
2, 11, 47, 179
List the prime factors of 12443922.
2, 3, 79, 2917
List the prime factors of 10320685.
5, 101, 107, 191
List the prime factors of 1460507.
1460507
What are the prime factors of 2885296?
2, 180331
What are the prime factors of 476874?
2, 3, 8831
What are the prime factors of 1163170?
2, 5, 41, 2837
What are the prime factors of 57561?
3, 7, 2741
List the prime factors of 130565.
5, 26113
What are the prime factors of 17631?
3, 653
List the prime factors of 2003527.
883, 2269
What are the prime factors of 190880?
2, 5, 1193
List the prime factors of 98403.
3, 32801
List the prime factors of 4302465.
3, 5, 286831
What are the prime factors of 1838350?
2, 5, 36767
What are the prime factors of 49791?
3, 7, 2371
List the prime factors of 136285.
5, 97, 281
List the prime factors of 10181242.
2, 5090621
List the prime factors of 165560.
2, 5, 4139
What are the prime factors of 5316338?
2, 29, 71, 1291
List the prime factors of 2362255.
5, 7, 67493
What are the prime factors of 987608?
2, 41, 3011
List the prime factors of 1467254.
2, 89, 8243
List the prime factors of 11923862.
2, 5961931
What are the prime factors of 192980?
2, 5, 9649
List the prime factors of 7445650.
2, 5, 148913
List the prime factors of 1171380.
2, 3, 5, 7, 2789
What are the prime factors of 352797?
3, 23, 5113
List the prime factors of 11267683.
7, 1609669
What are the prime factors of 14272106?
2, 2503, 2851
List the prime factors of 16331823.
3, 31, 58537
List the prime factors of 82582.
2, 157, 263
What are the prime factors of 17736271?
7, 2533753
List the prime factors of 2290343.
11, 208213
What are the prime factors of 2458827?
3, 7, 31, 1259
What are the prime factors of 1199571?
3, 17, 43, 547
List the prime factors of 913696.
2, 7, 4079
What are the prime factors of 8199326?
2, 43, 67, 1423
List the prime factors of 925653.
3, 308551
List the prime factors of 841273.
841273
List the prime factors of 3012317.
7, 11, 19, 29, 71
List the prime factors of 538924.
2, 134731
What are the prime factors of 1178701?
1178701
List the prime factors of 3197825.
5, 127913
List the prime factors of 5171297.
23, 151, 1489
What are the prime factors of 10970461?
43, 255127
What are the prime factors of 7542351?
3, 838039
List the prime factors of 1438790.
2, 5, 143879
What are the prime factors of 13067015?
5, 13, 201031
List the prime factors of 4491416.
2, 509, 1103
List the prime factors of 442424.
2, 29, 1907
List the prime factors of 73489.
13, 5653
What are the prime factors of 1071986?
2, 17, 41, 769
List the prime factors of 23250160.
2, 5, 290627
List the prime factors of 2254791.
3, 7, 11, 43, 227
List the prime factors of 5807077.
73, 79549
What are the prime factors of 125392?
2, 17, 461
What are the prime factors of 2813374?
2, 31, 45377
What are the prime factors of 12801271?
7, 23, 3457
List the prime factors of 1929309.
3, 23, 27961
List the prime factors of 14762911.
41, 360071
List the prime factors of 152486.
2, 76243
What are the prime factors of 355825?
5, 43, 331
What are the prime factors of 4252792?
2, 23, 29, 797
List the prime factors of 910934.
2, 563, 809
List the prime factors of 3323051.
3323051
List the prime factors of 27690293.
41, 59, 11447
What are the prime factors of 912974?
2, 479, 953
What are the prime factors of 331753?
331753
What are the prime factors of 44103?
3, 61, 241
What are the prime factors of 8482505?
5, 1696501
What are the prime factors of 2609993?
17, 153529
List the prime factors of 7769636.
2, 7, 809
What are the prime factors of 13411013?
7, 11, 174169
What are the prime factors of 8793709?
17, 517277
What are the prime factors of 1154292?
2, 3, 43, 2237
List the prime factors of 38709.
3, 11, 17, 23
List the prime factors of 1446397.
1446397
What are the prime factors of 393070?
2, 5, 23, 1709
List the prime factors of 595782.
2, 3, 11, 17, 59
What are the prime factors of 16585038?
2, 3, 467, 1973
List the prime factors of 199644.
2, 3, 127, 131
List the prime factors of 4530118.
2, 443, 5113
What are the prime factors of 141899?
17, 491
List the prime factors of 111109.
111109
What are the prime factors of 294875?
5, 7, 337
List the prime factors of 12194894.
2, 227, 26861
List the prime factors of 636586.
2, 71, 4483
List the prime factors of 44706.
2, 3, 7451
List the prime factors of 10703011.
11, 973001
List the prime factors of 7359826.
2, 3679913
What are the prime factors of 4205977?
4205977
What are the prime factors of 10962719?
1063, 10313
What are the prime factors of 384216?
2, 3, 7, 2287
List the prime factors of 55619.
55619
List the prime factors of 48215.
5, 9643
List the prime factors of 2023059.
3, 89, 7577
What are the prime factors of 98024?
2, 12253
What are the prime factors of 589378?
2, 157, 1877
List the prime factors of 107344.
2, 6709
List the prime factors of 8922146.
2, 4461073
What are the prime factors of 151874?
2, 75937
What are the prime factors of 4255510?
2, 5, 7, 60793
List the prime factors of 2073626.
2, 17, 71, 859
What are the prime factors of 12689051?
12689051
What are the prime factors of 1461287?
1461287
List the prime factors of 225947.
17, 13291
What are the prime factors of 1250041?
13, 96157
What are the prime factors of 572124?
2, 3, 7, 139
List the prime factors of 8508293.
8508293
What are the prime factors of 174300?
2, 3, 5, 7, 83
List the prime factors of 97829.
97829
What are the prime factors of 157229?
157229
What are the prime factors of 741683?
741683
List the prime factors of 463464.
2, 3, 41, 157
List the prime factors of 152965.
5, 30593
List the prime factors of 14547164.
2, 3636791
What are the prime factors of 4195380?
2, 3, 5, 7, 1427
What are the prime factors of 360958?
2, 13, 13883
List the prime factors of 3185590.
2, 5, 318559
List the prime factors of 18438282.
2, 3, 137, 7477
List the prime factors of 614422.
2, 19, 23, 37
List the prime factors of 1469635.
5, 173, 1699
What are the prime factors of 823181?
367, 2243
What are the prime factors of 391312?
2, 37, 661
List the prime factors of 93056.
2, 727
List the prime factors of 691915.
5, 7, 53, 373
What are the prime factors of 238503?
3, 107, 743
List the prime factors of 588996.
2, 3, 16361
What are the prime factors of 3757944?
2, 3, 31, 5051
What are the prime factors of 27356132?
2, 199, 34367
List the prime factors of 11342.
2, 53, 107
List the prime factors of 424471.
424471
What are the prime factors of 95780?
2, 5, 4789
List the prime factors of 621426.
2, 3, 13, 31, 257
List the prime factors of 317797.
317797
List the prime factors of 3607793.
7, 89, 5791
What are the prime factors of 7044963?
3, 2348321
List the prime factors of 993845.
5, 198769
List the prime factors of 7907979.
3, 61, 79, 547
List the prime factors of 1279193.
1279193
What are the prime factors of 9664?
2, 151
What are the prime factors of 341366?
2, 23, 41, 181
What are the prime factors of 1731655?
5, 346331
List the prime factors of 13375116.
2, 3, 313, 1187
What are the prime factors of 11447238?
2, 3, 11, 23, 7541
What are the prime factors of 2873741?
13, 443, 499
What are the prime factors of 2269820?
2, 5, 7, 31, 523
List the prime factors of 3000940.
2, 5, 227, 661
What are the prime factors